ulate the highest common divisor of 936 and 2097.
9
Calculate the greatest common factor of 117180 and 32860.
620
Calculate the greatest common factor of 59049 and 9.
9
Calculate the greatest common factor of 16 and 16388.
4
What is the greatest common factor of 284 and 5570?
2
What is the greatest common factor of 1211 and 574?
7
Calculate the greatest common factor of 10448 and 128.
16
Calculate the greatest common factor of 32585 and 665.
665
Calculate the highest common factor of 219 and 259588.
73
Calculate the greatest common factor of 864 and 6810624.
288
What is the greatest common factor of 10179 and 273?
39
Calculate the highest common factor of 31755 and 2263.
73
Calculate the greatest common factor of 101145 and 1023.
33
What is the greatest common divisor of 9 and 1300833?
9
What is the highest common divisor of 5091 and 75?
3
Calculate the greatest common factor of 1975 and 76075.
25
Calculate the greatest common factor of 205 and 12259.
41
What is the greatest common factor of 63 and 601811?
7
What is the highest common factor of 762224 and 624?
16
What is the highest common factor of 1535156 and 654?
218
What is the greatest common divisor of 2615175 and 591?
591
Calculate the highest common divisor of 1634 and 3096.
86
What is the highest common divisor of 371511 and 378?
63
Calculate the highest common divisor of 26967 and 1068.
267
What is the greatest common factor of 3679 and 1805257?
283
What is the highest common factor of 251510 and 140?
70
What is the highest common factor of 1440 and 45270?
90
Calculate the highest common divisor of 666 and 196914.
222
What is the highest common factor of 2688 and 15744?
384
What is the highest common factor of 67 and 107267?
67
What is the highest common factor of 99 and 130944?
33
Calculate the highest common divisor of 708 and 428.
4
What is the greatest common factor of 8106 and 57514?
386
What is the highest common divisor of 22800 and 260?
20
What is the greatest common divisor of 11 and 556358?
11
What is the highest common factor of 48 and 26024?
8
Calculate the highest common divisor of 10595 and 35045.
815
What is the greatest common factor of 180 and 573500?
20
Calculate the greatest common divisor of 168776 and 17.
17
Calculate the highest common divisor of 285 and 1048515.
285
What is the greatest common divisor of 24273 and 124?
31
Calculate the greatest common divisor of 54 and 219564.
54
Calculate the greatest common divisor of 228 and 9.
3
What is the greatest common divisor of 603 and 12681?
9
Calculate the greatest common factor of 96 and 27960.
24
What is the greatest common factor of 1833 and 70500?
141
Calculate the highest common factor of 70 and 127295.
35
What is the greatest common factor of 115925 and 100?
25
What is the highest common factor of 87761 and 2356?
589
Calculate the greatest common divisor of 27916 and 42.
14
Calculate the highest common factor of 329844 and 12.
12
Calculate the highest common factor of 47 and 1079073.
47
What is the greatest common divisor of 11 and 158257?
11
Calculate the highest common factor of 1170 and 2304.
18
Calculate the greatest common factor of 509496 and 120.
24
What is the highest common factor of 58 and 205175?
29
What is the greatest common divisor of 72 and 404544?
24
Calculate the greatest common divisor of 9147919 and 3454.
1727
Calculate the greatest common factor of 2640 and 119130.
330
What is the greatest common divisor of 31833 and 972?
243
What is the greatest common factor of 1470037 and 211?
211
Calculate the highest common divisor of 360778 and 1364.
682
Calculate the highest common factor of 5602368 and 32.
32
What is the greatest common factor of 4520544 and 96?
96
Calculate the greatest common divisor of 19 and 7717477.
19
What is the greatest common divisor of 77820 and 60?
60
Calculate the greatest common factor of 125528 and 78.
26
Calculate the highest common factor of 116 and 1061545.
29
What is the highest common divisor of 2638685 and 245?
35
Calculate the greatest common factor of 22848 and 5763.
51
Calculate the highest common divisor of 1947598 and 302.
302
What is the highest common divisor of 6177156 and 23?
23
What is the highest common factor of 132 and 1408?
44
What is the greatest common factor of 2623562 and 1546?
1546
Calculate the greatest common divisor of 3302430 and 159.
159
What is the greatest common divisor of 865 and 25?
5
What is the highest common factor of 2190564 and 18?
18
Calculate the greatest common factor of 4023 and 6109.
149
Calculate the greatest common factor of 523940 and 4420.
340
Calculate the highest common divisor of 158190 and 5.
5
Calculate the highest common divisor of 745714 and 8950.
358
Calculate the highest common factor of 1413 and 9711.
9
What is the highest common factor of 7640 and 1360?
40
What is the greatest common divisor of 1268 and 220?
4
Calculate the greatest common factor of 44663 and 59.
59
Calculate the highest common divisor of 195943 and 94.
47
Calculate the highest common factor of 39 and 3645759.
39
Calculate the greatest common factor of 19566 and 306.
18
What is the highest common divisor of 8 and 773?
1
What is the highest common divisor of 579 and 6176?
193
What is the greatest common factor of 21183066 and 54?
54
Calculate the highest common factor of 160 and 2627440.
80
Calculate the greatest common factor of 75462 and 6.
6
What is the highest common divisor of 2920 and 96680?
40
What is the greatest common divisor of 461409 and 65?
13
What is the greatest common divisor of 186 and 39216?
6
Calculate the highest common factor of 8926 and 4.
2
Calculate the highest common divisor of 21479 and 47.
47
Calculate the greatest common factor of 117 and 2734407.
117
What is the greatest common factor of 3360 and 19520?
160
What is the highest common divisor of 1598 and 77362?
94
What is the highest common factor of 38617 and 3174?
529
What is the highest common factor of 1820 and 11414?
26
What is the greatest common factor of 828206 and 136?
34
What is the highest common divisor of 20 and 80085?
5
What is the greatest common factor of 180 and 126?
18
What is the highest common factor of 6 and 7377378?
6
What is the highest common factor of 26 and 519831?
13
What is the highest common divisor of 12042 and 208282?
446
What is the greatest common divisor of 258 and 2852061?
129
What is the greatest common factor of 15496 and 832?
104
Calculate the greatest common divisor of 114367 and 6463.
281
Calculate the greatest common divisor of 162 and 96633.
81
Calculate the greatest common divisor of 232035 and 285.
15
Calculate the greatest common divisor of 213624 and 864.
216
Calculate the greatest common divisor of 2210 and 5015.
85
Calculate the highest common divisor of 1078 and 21903.
49
What is the greatest common divisor of 24 and 44292?
12
Calculate the highest common factor of 72 and 50592.
24
What is the greatest common factor of 316 and 528984?
316
Calculate the highest common divisor of 1984 and 944.
16
Calculate the greatest common factor of 53332 and 58108.
796
What is the greatest common factor of 252282 and 114?
114
Calculate the highest common divisor of 256 and 189136.
16
What is the greatest common factor of 56725 and 100?
25
What is the greatest common factor of 201986 and 437?
23
What is the highest common factor of 78 and 21120?
6
Calculate the highest common factor of 3752 and 1456.
56
Calculate the greatest common factor of 3406 and 125498.
262
Calculate the highest common divisor of 198 and 3641.
11
What is the greatest common divisor of 3321 and 531?
9
What is the greatest common factor of 29 and 183?
1
What is the greatest common factor of 16471 and 741?
13
Calculate the greatest common factor of 7267 and 1430481.
559
Calculate the greatest common divisor of 672 and 2462208.
672
What is the greatest common divisor of 350 and 32890?
10
What is the greatest common factor of 7809 and 303?
3
What is the highest common factor of 462 and 11487?
21
What is the highest common divisor of 8280 and 25599?
69
Calculate the greatest common divisor of 291489 and 132.
33
Calculate the highest common factor of 17 and 4238440.
17
What is the highest common divisor of 1277 and 2001059?
1277
Calculate the greatest common facto